 9*y + 21. Is k(-7) a composite number?
True
Is 352145/5*3 + -10 prime?
False
Let n be 0*-1*(-1)/2*-1. Suppose n*t + 5 = t. Suppose -3*f - 1646 = -4*m - f, t*m - 2056 = f. Is m composite?
True
Let u(a) = 537*a - 67. Let q(b) = 3*b + 14. Let g be q(-2). Is u(g) prime?
True
Let m(l) = 2063*l - 518. Is m(5) composite?
True
Suppose 0 = -3*f + 15 - 21, -3*s - 39838 = 2*f. Let u = 1645 - s. Is u a composite number?
False
Suppose 7*p + 8 = 3*p, 0 = -5*d - 3*p + 4. Let m(n) = 271*n - 7. Is m(d) composite?
True
Suppose -25939304 = -93*q + 16790569. Is q prime?
False
Suppose -3*a + 135738 + 54740 = 5*n, 3*n = 4*a - 253961. Is a a prime number?
False
Let m(l) = 36683*l + 2009. Is m(6) a prime number?
True
Suppose 4223 + 8321 = 8*x. Let v = 3261 - x. Is v prime?
True
Let c = 148362 - 5033. Is c prime?
True
Let b(f) = -f**2 - 11*f - 12. Let v be b(-9). Let j be v*3*3/6. Let m(g) = g**3 - 7*g**2 - 5*g - 11. Is m(j) a prime number?
False
Let j = 434 - 824. Suppose -5*o = k + 164, k = 3*k + o + 337. Let n = k - j. Is n a prime number?
False
Suppose 5*p + 170 = -0*b + 3*b, -4*p = 3*b - 134. Let n = b - 41. Suppose -n*t = -901 - 1790. Is t a composite number?
True
Let s(a) = -51*a - 49. Let y be s(-1). Let i = 2717 - 1583. Suppose -i = -y*m - t - 3*t, t - 2817 = -5*m. Is m a prime number?
True
Suppose 4*w - w - 49 = 5*n, -5*w + 4*n = -99. Let q = w + -21. Is 894/(-12)*q/(-1) prime?
True
Let v(j) = -3*j**3 - 13*j**2 - 10*j - 12. Let l be v(7). Let i = -837 - l. Is i a composite number?
False
Let j(y) = y**3 - 21*y**2 - 29*y + 13. Suppose 0 = 13*m - 10*m - 60. Let w be j(m). Let q = w + 2286. Is q a prime number?
True
Let b(m) = 1257*m**2 + 179*m - 2479. Is b(13) a composite number?
False
Let t(d) = 12995*d - 7011. Is t(8) a prime number?
False
Is 6 - ((-155767)/4*2)/(4/8) prime?
True
Suppose 24*c = 6*c + 540594. Suppose 21*r - 31560 - c = 0. Is r a composite number?
True
Suppose 3*v = -4*h - 20, -2*h = -3*h - 5. Suppose -16*q + 11812 + 11148 = v. Let y = 2064 - q. Is y prime?
False
Suppose 101*f - 1713417 = -5204. Is f a prime number?
False
Suppose -5*y - 2338 = 2*o, -6*y + 2*y = -8. Let t = o + 1709. Let x = t + -33. Is x a composite number?
True
Suppose -5*y - 1453840 = -5*l, 5*y = 3*l - 946947 + 74629. Is l composite?
False
Suppose 3*t - 43859 = -21*j + 23*j, 2*t = 4*j + 29234. Is t prime?
True
Suppose 4*f - 3168595 = -k, 0 = 2*k + 26*f - 22*f - 6337158. Is k a composite number?
False
Let a be 608547/27 + (-5)/90*-4. Let r = -12970 + a. Is r prime?
False
Suppose -4*g + 176 = 4*n, 58 = 3*n - 5*g - 82. Let x(u) = -6 + 49*u - n*u - 23*u. Is x(-7) a prime number?
True
Suppose 2*i = -5*a + 1698075, -346*i = -349*i + 15. Is a composite?
False
Let h = 533 + -177. Suppose -10 = j - 2*g - 2, 3*j - 3 = -3*g. Is h*(j - 9/(-4)) prime?
True
Suppose 42*p - 1397438 = 23*p + 1183769. Is p prime?
False
Let g(x) = 66*x**2 - 3 + 4 - 3*x - 64*x**2. Let r be g(2). Suppose -815 = s - r*s + 3*v, -2*v = -10. Is s composite?
True
Let o = 6428 + -2461. Is o composite?
False
Is 34826661/81 - 14/(-63) a composite number?
True
Suppose 3*x = -w + 7*x + 6775, 2*x + 33911 = 5*w. Suppose 13*y + w = 34*y. Is y prime?
False
Let x be ((-2)/(-1))/(24/1332). Suppose -639 = x*g - 114*g. Is g a composite number?
True
Suppose v + 3*y = -0*v + 90, -5*v = -4*y - 507. Let m = v - -395. Suppose 251 = 5*f - m. Is f composite?
False
Let s(m) = m**3 + 3*m**2 - m - 19. Let o be (-7)/((-168)/18) - (-70)/(-8). Let j be s(o). Let d = 375 - j. Is d a composite number?
True
Suppose 35 = -3*t + 41. Suppose t*s + 13 + 0 = 3*k, 2*k - 5*s = 5. Is 1/(-5) - (-386)/k composite?
True
Let x = 72231 + -15712. Is x a prime number?
True
Suppose -22*v + 58*v - 9422400 + 2360676 = 0. Is v composite?
False
Suppose 14*z - 60454 + 54495 = 544339. Is z a composite number?
True
Suppose -n + 599394 = 5*j, -28*n = -32*n + 4*j + 2397552. Is n composite?
True
Suppose -5*s = -4*s - 12. Suppose 2*a + 2*t - 3*t - 10 = 0, 3*t - s = 0. Suppose -a*g = -3*g - 4228. Is g prime?
False
Let b(c) = c**2 - 10*c - 14. Let y be b(-6). Let o = y - 84. Is (-3842)/o + (-8)/(-4) a prime number?
False
Suppose 1004 + 29626 = 6*u. Suppose -z + 1699 = -2*r, u = 3*z - 14*r + 10*r. Is z prime?
False
Let r be (-12)/40 - 47670/100. Let a = r - -808. Is a a composite number?
False
Suppose -k - 2*k - 16 = 4*u, -3*k + 5*u = 7. Let b(m) = -m**3 - 4*m**2 + 2*m + 1. Let z be b(k). Is 3/21 - (-46)/z*-12 prime?
True
Suppose 0 = -101*j - 25*j - 62*j + 133497484. Is j a prime number?
False
Suppose 19*k - 28541 = -8154. Is k prime?
False
Let o be ((-4)/(-3))/((-2)/747). Let x be 8435/10 + (186/108 - 8/36). Let c = o + x. Is c composite?
False
Let z be 1/((2*-1)/(17 + -7)). Let o(c) = 45*c**2 - 8*c - 24. Let n be o(z). Let t = n - 810. Is t prime?
True
Suppose 0 = -2*w - 69 + 79. Suppose -w*a = -4*q - 12495, -3*a + 3422 + 4062 = -5*q. Is a composite?
False
Suppose w + 4*g = g - 7306, -w - 7286 = -g. Is (0 + -11 + 0)/(23/w) composite?
True
Suppose 872064 = -3*a - 4*c, 3*a + 3*c = 2*a - 290693. Is -3 + a/(-26) - (-40)/(-260) prime?
True
Suppose 380*h = 377*h + 6, 0 = -4*q + 3*h + 7133342. Is q a composite number?
True
Let a(k) = k**2 - 10*k - 5. Let l be a(11). Let z(x) = -2 + 0 + 0 + 34*x + 1. Is z(l) prime?
False
Let y = 52 + -52. Suppose x + x = -y*x. Suppose x = -5*c + 5*b + 12275, -2*c = b - 2*b - 4910. Is c composite?
True
Let w(j) = -j**2 - 13*j - 41. Let t be w(-11). Is (266/21)/t*(-11406)/4 prime?
True
Let s(b) = 110529*b**3 + 3*b**2 + 5*b - 6. Is s(1) a composite number?
True
Let f(h) = -h - 1. Let c be f(-13). Suppose c*w - 34656 = -4*w. Suppose 0 = -0*m + 4*m - 8, -4*r - m = -w. Is r a prime number?
True
Suppose 2*c = 21 - 1. Let f be (-2 - -4)/(16/(-104))*(1 - 2). Suppose -f = -i + c. Is i prime?
True
Suppose 353200 = 7*t - 439753. Is t a prime number?
True
Is (58134/(-4))/(-6*5/1060) + -8 a prime number?
True
Let d(c) = 4365*c**2 + 321*c + 11. Is d(11) a prime number?
False
Let v be (1 + 1 - 3)*1. Let m be (v/3)/(21/(-378)). Is (m/(-30))/((-2)/10090) prime?
True
Let z(j) = 14*j**2 + 10*j + 31. Suppose 19*h - 18*h = -1, -64 = 4*n - 4*h. Is z(n) composite?
False
Suppose 9*c - 16 = c. Suppose -8*a = -c*z - 6*a + 30698, 3*a - 46035 = -3*z. Is z a composite number?
True
Let u = -160 + 185. Suppose u*c + 2*n - 7067 = 24*c, -5*n = -2*c + 14143. Is c a prime number?
True
Is (168/14 - 9) + ((-1)/1 - -12881) prime?
False
Let g(w) = 760*w + 16. Let m be g(7). Suppose 0 = 5*f - 196 + m. Let h = f + 1663. Is h prime?
False
Let w(j) be the first derivative of 11*j**3/3 - 11*j**2 + 21*j - 199. Is w(22) a prime number?
True
Let h = 624205 + -319064. Is h a prime number?
False
Let f be (-1)/5 + (-36)/(-5). Let u(m) = 48*m + 11 - 43*m + 49*m. Is u(f) a prime number?
True
Suppose -2*w + 167 - 139 = 0. Is 6 - -1 - (-8138 + w) a composite number?
True
Is (-57 - -47) + (-1370409)/(-3) a composite number?
True
Suppose 0 = 2*l + l - 3. Let j be ((-2)/4)/(6/(-12) + 1). Is (l/j)/((-1)/631) a prime number?
True
Let l = 316 - 322. Is (4*(-331)/l)/(6/333) composite?
True
Suppose -3*c = 3*h - 0*h, 3*c + 4 = h. Let x be (3/c - 182/(-6))*-12. Let v = 1389 + x. Is v prime?
True
Suppose -5*q - 4*t + 6 = 26, 3*q = 3*t + 15. Is 14022/4 - 2/(4 - q) a prime number?
False
Let x(i) = 1154*i + 7. Let h be (-3*8/36 + -1)*-9. Is x(h) composite?
False
Suppose x = 6*n - 3*n - 14, -40 = -5*n + 5*x. Suppose -3*o - 2*o = 4*g + 14042, -n*g = 3*o + 8424. Is o/(-6) - 10/(-15) prime?
False
Suppose s - 2*j - 1400651 = 0, -s - j = -293601 - 1107053. Is s prime?
True
Let g(y) = 23318*y - 7. Let h(n) = -69953*n + 19. Let m(f) = -11*g(f) - 4*h(f). Is m(1) prime?
False
Suppose -58*v + 5*v + 4*v = -626759. Is v a composite number?
False
Let o = -644094 - -965873. Is o prime?
True
Suppose b - f = 10, b = -4*b + 3*f + 58. Let r(d) = -b - 9*d + 3*d**3 - 6*d**2 - 7*d**3 + 3*d**3 - 3. Is r(-11) a prime number?
False
Let r be -90*56/(-84)*(-1)/(-2). Is 251/8*5 - r/(-240) prime?
True
Let u(d) = -38 - 103*d + 1613*d - 29. Is u(9) composite?
False
Let u = -102 + 84. Let b be 4*u - (-17 + 13). Is 2 + 26/((-6)/3)*b prime?
False
Suppose y + 1587 = -4*i + 22630, 5 = -y. Suppose -17948 - i = -10*x. Is x a composite number?
True
Suppose -52 = -m - 42. Suppose 5*i + 3*q - 8690 = 0, 6*i + 6954 = m*i + 2*q. Is i a composite number?